99189 a composite number?
False
Is 108341773667 a composite number?
True
Is 190647973 a composite number?
True
Is 353463917 composite?
False
Is 65114933 prime?
False
Is 3539832679 composite?
True
Is 1261041647 composite?
True
Is 5404744171 composite?
True
Is 2918757593 a composite number?
False
Is 16374872561 prime?
False
Is 2678448491 a prime number?
True
Is 1120632311 prime?
False
Is 3301162843 composite?
True
Is 1315861193 a composite number?
False
Is 7367882449 a composite number?
True
Is 3313208035 prime?
False
Is 10580914021 a prime number?
True
Is 318476153 a prime number?
True
Is 14132037001 a composite number?
False
Is 163533003 prime?
False
Is 21128375507 a prime number?
True
Is 2638541723 composite?
True
Is 1886170969 composite?
False
Is 45979599011 a composite number?
True
Is 5418222931 prime?
False
Is 52512253069 composite?
False
Is 4967555651 a prime number?
False
Is 17880148219 a prime number?
False
Is 5067855629 a composite number?
False
Is 40153197961 a prime number?
True
Is 1249196723 a prime number?
False
Is 259199404067 prime?
True
Is 107389939 a prime number?
True
Is 11221672769 a composite number?
False
Is 26255864339 a prime number?
False
Is 128643430231 prime?
True
Is 82336820837 prime?
False
Is 1257118099 a prime number?
True
Is 42767688961 a prime number?
True
Is 91627859 a prime number?
False
Is 2943910891 a prime number?
True
Is 2079850819 a prime number?
False
Is 346883127 a composite number?
True
Is 110819258063 a prime number?
False
Is 4785499 a prime number?
True
Is 48531280211 a composite number?
True
Is 113803903085 prime?
False
Is 12722103257 a composite number?
False
Is 1336620647 prime?
True
Is 443909063 prime?
False
Is 149016767 a composite number?
False
Is 67798419121 a prime number?
True
Is 3072903721 a composite number?
False
Is 4527320815 a prime number?
False
Is 89764747 a prime number?
False
Is 243820189 prime?
True
Is 5761464131 a composite number?
False
Is 11862850099 a prime number?
False
Is 8858049997 composite?
True
Is 1215633 composite?
True
Is 13101389411 prime?
False
Is 1132616911 prime?
False
Is 18935564743 a prime number?
False
Is 17359979389 composite?
False
Is 605819397019 prime?
True
Is 3706833269 prime?
True
Is 1004981431 composite?
False
Is 8217999487 prime?
False
Is 3786971473 a prime number?
True
Is 905202113 prime?
True
Is 3536984419 composite?
True
Is 880441669 a composite number?
False
Is 5846840917 a composite number?
False
Is 7417651097 prime?
True
Is 902753809 a composite number?
False
Is 18989038721 composite?
False
Is 5146258801 a prime number?
True
Is 763810139 prime?
True
Is 866474801 composite?
False
Is 15025093073 prime?
True
Is 21661485607 prime?
True
Is 100934159 a composite number?
True
Is 3012416431 composite?
False
Is 479401171 a prime number?
False
Is 1706447213 prime?
True
Is 341419334 prime?
False
Is 104543494943 composite?
False
Is 1003987381 a prime number?
True
Is 124797454417 composite?
True
Is 64564073723 prime?
True
Is 29089400495 a composite number?
True
Is 222033800653 a prime number?
False
Is 22177614919 a prime number?
True
Is 752504979 prime?
False
Is 974908959 composite?
True
Is 3695066839 composite?
False
Is 4805899991 prime?
True
Is 37109678987 a prime number?
False
Is 2610498161 a prime number?
True
Is 69192615971 a prime number?
True
Is 2602141231 a prime number?
True
Is 4344657929 prime?
True
Is 663414683 a prime number?
True
Is 875279569 prime?
True
Is 4630276151 a prime number?
True
Is 1097969137 composite?
True
Is 397955933 composite?
False
Is 476252939 a prime number?
True
Is 128153932073 prime?
True
Is 9779500807 prime?
False
Is 151288672831 composite?
True
Is 2816935813 a composite number?
True
Is 11444672903 a composite number?
True
Is 7143345137 composite?
False
Is 49868422949 a composite number?
False
Is 139759813 composite?
True
Is 6716924633 prime?
True
Is 263746253 a prime number?
False
Is 68911156439 prime?
True
Is 10224179897 a prime number?
False
Is 152732115133 composite?
True
Is 3582265229 prime?
False
Is 298214594 prime?
False
Is 660674093 a composite number?
False
Is 7943910641 a composite number?
False
Is 154245989713 composite?
False
Is 274615287 prime?
False
Is 23293593683 a composite number?
True
Is 10142690953 a composite number?
False
Is 838011337 a prime number?
True
Is 197681762483 prime?
True
Is 1075963171 composite?
True
Is 9141772951 composite?
False
Is 468523019 composite?
False
Is 84954127 a prime number?
False
Is 7691535421 composite?
False
Is 33993810629 composite?
True
Is 42159181021 prime?
True
Is 6025720157 composite?
False
Is 559079869 composite?
False
Is 1773270389 a prime number?
False
Is 541609009 a prime number?
True
Is 1810994534 a prime number?
False
Is 1399340399 prime?
False
Is 36461858443 prime?
False
Is 26418925567 composite?
False
Is 6003470321 a composite number?
True
Is 147173353 prime?
True
Is 68371904561 a prime number?
True
Is 41255576579 prime?
False
Is 595643117 a composite number?
True
Is 2345113367 a composite number?
True
Is 1183398803 prime?
False
Is 1707050987 a composite number?
False
Is 15724181359 a prime number?
True
Is 333724123153 composite?
True
Is 3019441739 a prime number?
True
Is 1633238861 prime?
False
Is 5616449323 a prime number?
True
Is 207983263 prime?
False
Is 2429135927 a composite number?
False
Is 1416976073 prime?
False
Is 1401621563 prime?
True
Is 1386974023 a prime number?
False
Is 53922209183 a composite number?
True
Is 5013347741 a prime number?
True
Is 39982047851 composite?
False
Is 41791001579 composite?
False
Is 925233663 composite?
True
Is 1080367393 prime?
False
Is 178244878135 a prime number?
False
Is 396870911 prime?
False
Is 591488889 prime?
False
Is 165786391 a prime number?
False
Is 4811255971 composite?
True
Is 8928541 a composite number?
True
Is 4603215031 a prime number?
True
Is 260626039 a composite number?
True
Is 3108773077 a composite number?
False
Is 8638057991 a composite number?
True
Is 748788457 a composite number?
False
Is 68946320549 a composite number?
False
Is 27945338 a prime number?
False
Is 2354113841 composite?
False
Is 51211246169 a prime number?
False
Is 348871379 prime?
True
Is 5467224671 prime?
True
Is 399517949 a composite number?
True
Is 36766066669 prime?
False
Is 402724489 a composite number?
False
Is 11196280267 prime?
False
Is 576337439 composite?
False
Is 2037391849 a prime number?
False
Is 12141265118 a composite number?
True
Is 82948259747 prime?
True
Is 8518226149 composite?
False
Is 1669881998 prime?
False
Is 3328405607 composite?
False
Is 2054536807 a composite number?
True
Is 2600114141 a prime number?
False
Is 270709007 prime?
False
Is 33979316489 a composite number?
False
Is 46406113147 a composite number?
True
Is 35858132159 a composite number?
True
Is 3933923503 prime?
True
Is 3067628923 composite?
True
Is 2631628463 a prime number?
True
Is 58044075407 a composite number?
False
Is 17176250827 composite?
True
Is 6986745691 a composite number?
True
Is 56227642207 a composite number?
True
Is 6915150667 prime?
True
Is 3278423086 a prime number?
False
Is 347993207 prime?
True
Is 35933313391 composite?
False
Is 552979289 a prime number?
True
Is 4608601093 a prime number?
False
Is 6945261887 a prime number?
True
Is 25160892073 a prime number?
True
Is 33433698721 composite?
False
Is 1619385151 a prime number?
False
Is 67680052201 a prime number?
False
Is 5342019691 a prime number?
True
Is 2155210217 prime?
True
Is 2471301953 prime?
False
Is 8840319567 a prime number?
False
Is 2852045453 prime?
False
Is 930016793 a composite number?
True
Is 68522264911 prime?
False
Is 3276941 a composite number?
False
Is 2044348139 a composite number?
False
Is 28223125661 prime?
True
Is 3000805069 a prime number?
False
Is 33451253291 composite?
True
Is 43370477 a prime number?
True
Is 5680070561 a composite number?
True
Is 4993913765 a composite number?
True
Is 27140743693 a composite number?
True
Is 710486785 prime?
False
Is 187010115359 prime?
True
Is 149216159 composite?
False
Is 37000470229 a prime number?
False
Is 7111751671 a composite number?
True
Is 3330764779 prime?
True
Is 471429187 composite?
False
Is 7413375829 a composite number?
False
Is 4397583061 composite?
True
Is 99699311339 a composite number?
False
Is 9078623183 a p